se 7
-451
67a (base 16) to base 8
3172
b2 (base 12) to base 13
a4
Convert -1416c (base 16) to base 5.
-10113114
Convert -2ce (base 16) to base 12.
-4ba
What is 3505 (base 7) in base 10?
1279
-29a (base 12) to base 11
-33a
Convert 44c2 (base 13) to base 5.
301442
230066 (base 7) to base 6
513105
What is -4769 (base 11) in base 6?
-44530
What is -70623 (base 8) in base 13?
-10307
What is 101011011011111 (base 2) in base 15?
68c9
Convert -2013 (base 6) to base 7.
-1200
Convert -3301 (base 5) to base 9.
-551
Convert -31437 (base 13) to base 11.
-60628
-1a3 (base 16) to base 10
-419
What is 100001110001111 (base 2) in base 4?
10032033
10103230 (base 4) to base 7
102304
What is -652 (base 9) in base 15?
-258
-a89 (base 12) to base 2
-11000001001
6059 (base 16) to base 6
310105
764 (base 8) to base 9
615
What is -22152 (base 9) in base 14?
-5508
222302 (base 5) to base 12
4643
What is 1312222 (base 4) in base 15?
23b4
Convert -937 (base 13) to base 6.
-11131
What is 110210202 (base 3) in base 14?
358b
Convert -263a (base 12) to base 13.
-1cab
Convert 1110011110 (base 2) to base 14.
4a2
Convert -1110121 (base 3) to base 2.
-10000101101
Convert 33b5 (base 14) to base 10.
8979
Convert 54101 (base 8) to base 15.
6a63
Convert -1012031 (base 4) to base 9.
-6142
Convert -10100000 (base 2) to base 7.
-316
-2121011 (base 3) to base 2
-11101100110
What is -100110001010011 (base 2) in base 4?
-10301103
What is 2a8a (base 11) in base 9?
5401
-216 (base 7) to base 3
-11010
What is 33 (base 7) in base 4?
120
-1200101022 (base 3) to base 7
-165311
What is 20244 (base 5) in base 9?
1731
Convert 397 (base 16) to base 4.
32113
-110011100 (base 2) to base 4
-12130
What is -1230 (base 5) in base 10?
-190
646 (base 7) to base 5
2303
1da3 (base 16) to base 7
31056
432 (base 10) to base 12
300
What is -773 (base 11) in base 6?
-4143
Convert -1312230 (base 4) to base 8.
-16654
What is 9212 (base 16) in base 2?
1001001000010010
Convert 1142 (base 9) to base 15.
3b8
What is 3493 (base 11) in base 16?
11e3
-42a (base 13) to base 15
-327
What is 12665 (base 7) in base 5?
102203
Convert -1000101101 (base 2) to base 15.
-272
-255 (base 12) to base 15
-188
-9e7 (base 16) to base 9
-3426
-1716 (base 11) to base 3
-10000022
Convert 104310 (base 6) to base 11.
6639
Convert 71760 (base 8) to base 13.
10681
-11f57 (base 16) to base 9
-121812
-2677 (base 11) to base 4
-312100
Convert -73 (base 16) to base 2.
-1110011
What is 23043 (base 6) in base 10?
3267
Convert 839 (base 11) to base 3.
1101102
-3866 (base 9) to base 8
-5517
15b4 (base 13) to base 15
e29
Convert 201333 (base 4) to base 6.
14023
What is 1066 (base 12) in base 11?
13a2
What is 3301213 (base 4) in base 3?
210012201
-1a7 (base 13) to base 12
-216
Convert -1011111010 (base 2) to base 10.
-762
What is 28449 (base 10) in base 3?
1110000200
What is 1649 (base 12) in base 16?
a59
30 (base 15) to base 14
33
Convert 1da (base 15) to base 11.
361
What is -10151 (base 9) in base 13?
-3076
Convert -264 (base 7) to base 2.
-10010000
-1100111101100 (base 2) to base 3
-100002210
-11978 (base 10) to base 8
-27312
Convert -122113 (base 6) to base 11.
-816a
What is 2310132 (base 4) in base 10?
11550
31102 (base 4) to base 12
5aa
26db (base 16) to base 13
46b2
-103011 (base 4) to base 10
-1221
Convert -111010101 (base 2) to base 8.
-725
-4652 (base 7) to base 16
-6a7
What is 2614 (base 7) in base 12?
6a7
What is -19ba (base 13) in base 16?
-f1f
What is -1503 (base 14) in base 3?
-12010001
577 (base 12) to base 5
11221
Convert 10100000 (base 2) to base 10.
160
12000001 (base 3) to base 9
5001
Convert 2000033 (base 5) to base 2.
111101000100100
Convert -1111001 (base 3) to base 5.
-13311
1540 (base 10) to base 13
916
1001101001100111 (base 2) to base 4
21221213
What is 1303004 (base 5) in base 6?
313255
-1011101001110000 (base 2) to base 15
-e21d
What is -30358 (base 10) in base 3?
-1112122101
100022 (base 3) to base 9
308
Convert 1c99 (base 14) to base 7.
21152
-2763 (base 14) to base 12
-402b
-5c0c (base 13) to base 10
-13025
Convert 54524 (base 7) to base 3.
200201012
-4 (base 16) to base 9
-4
Convert 1966 (base 15) to base 4.
1111320
What is -341 (base 8) in base 10?
-225
Convert -2b9 (base 16) to base 2.
-1010111001
Convert -1143 (base 5) to base 3.
-20102
5410 (base 14) to base 7
60220
What is 266 (base 12) in base 13?
222
What is -15032 (base 6) in base 16?
-95c
What is -1bb (base 13) in base 9?
-388
Convert -24c2 (base 15) to base 16.
-1e98
Convert 104154 (base 6) to base 9.
12847
-1712 (base 14) to base 5
-113012
Convert 61806 (base 9) to base 3.
2001220020
Convert -23977 (base 10) to base 14.
-8a49
What is ba (base 14) in base 2?
10100100
d26 (base 16) to base 5
101431
What is -129 (base 14) in base 8?
-351
What is -17881 (base 10) in base 16?
-45d9
What is -62 (base 16) in base 14?
-70
What is 4357 (base 14) in base 11?
8823
What is 121b (base 15) in base 2?
111100001011
2842 (base 14) to base 4
1233022
10c9 (base 15) to base 7
13251
Convert 1210112 (base 3) to base 6.
10022
102032110 (base 4) to base 14
1d2ba
Convert -111122102 (base 3) to base 12.
-590b
20154 (base 6) to base 7
10522
Convert -210211 (base 3) to base 12.
-411
Convert -b789 (base 13) to base 2.
-110001101110111
What is -4135 (base 8) in base 3?
-2221022
-18a2 (base 12) to base 2
-101110111010
202022 (base 4) to base 13
cc2
What is -10110011010 (base 2) in base 14?
-746
Convert 679 (base 13) to base 7.
3151
What is 456 (base 16) in base 15?
4e0
What is 111101111010 (base 2) in base 4?
331322
Convert 239 (base 13) to base 4.
12002
What is 1734 (base 10) in base 14?
8bc
Convert 5199 (base 12) to base 4.
2023011
Convert 102200212 (base 3) to base 8.
20520
What is 4712 (base 13) in base 16?
2702
-1203023 (base 4) to base 10
-6347
Convert 400 (base 10) to base 12.
294
220053 (base 6) to base 8
43401
What is -1225 (base 8) in base 4?
-22111
700 (base 11) to base 13
502
14c3a (base 14) to base 8
145124
Convert -13202 (base 12) to base 7.
-136262
Convert 3a (base 11) to base 9.
47
What is -5265 (base 7) in base 2?
-11101000100
What is 277 (base 14) in base 3?
200102
4e (base 15) to base 6
202
-2548 (base 9) to base 13
-b39
-201042 (base 5) to base 4
-1203331
135 (base 6) to base 8
73
What is 823 (base 10) in base 15?
39d
Convert -349 (base 11) to base 6.
-1532
Convert -47010 (base 8) to base 6.
-232252
Convert -16023 (base 8) to base 13.
-336b
-534 (base 9) to base 7
-1162
Convert 150 (base 11) to base 4.
2300
22020000 (base 4) to base 16
a200
12412 (base 10) to base 9
18021
Convert -133223 (base 5) to base 3.
-21110102
-1213 (base 4) to base 13
-7c
What is 11021200 (base 3) in base 11?
238a
ddb4 (base 14) to base 12
1a262
What is 32865 (base 9) in base 10?
21848
Convert -11000010111001 (base 2) to base 9.
-18088
-621 (base 7) to base 5
-2214
What is -1110100111101 (base 2) in base 12?
-43b9
10210 (base 4) to base 5
2132
What is -54e (base 15) in base 8?
-2257
What is 211201120 (base 3) in base 8?
40266
Convert -200401 (base 5) to base 11.
-4854
What is -4176 (base 11) in base 10?
-5528
What is -342322 (base 7) in base 15?
-13084
What is 5243 (base 8) in base 15?
c18
Convert 1b (base 14) to base 6.
41
-658d (base 14) to base 16
-44a1
Convert 59ab (base 13) to base 7.
51605
Convert 10001111001 (base 2) to base 7.
3224
What is 6144 (base 8) in base 5?
100142
Convert 842 (base 9) to base 12.
492
4230 (base 6) to base 14
4c2
Convert 1620 (base 14) to base 12.
2350
846c (base 13) to base 12
a746
What is 1a173 (base 12) in base 4?
21111213
Convert 4728 (base 10) to base 8.
11170
What is 308 (base 12) in base 16?
1b8
1230100 (base 4) to base 13
31cc
1b166 (base 13) to base 11
36895
What is 55e (base 15) in base 10?
1214
Convert -1b3 (base 12) to base 16.
-117
What is 3306 (base 7) in base 3?
1121210
-1111101010111 (base 2) to base 13
-3862
-1220b (base 12) to base 15
-73cb
What is 330111 (base 4) in base 8?
7425
Convert -4810 (base 9) to base 7.
-13263
What is 2310 (base 6) in base 12?
396
4f1 (base 16) to base 10
1265
Convert -101100010111 (base 2) to base 7.
-11164
What is 36a28 (base 11) in base 14?
15525
What is 12112 (base 4) in base 2?
110010110
Convert 55207 (base 8) to base 13.
a719
Convert 1011201120 (base 3) to base 7.
124266
ed (base 16) to base 8
355
What is -11